. What is the units digit of s(d)?
5
Let z(a) = a**3 - 17*a**2 - 20*a - 60. Let c be z(19). Let g = -54 + c. What is the tens digit of g?
2
What is the hundreds digit of (-5 + 0)/((-100)/4520)?
2
Suppose 3*i = -4*m + 13 + 5, -i - 2*m + 8 = 0. Suppose i*d + 2*u + 5 + 3 = 0, -5*u = -5*d. What is the units digit of d/((-8)/67)*4?
7
Let x(z) = 59*z**3 + 10*z**2 - 26*z + 3. What is the tens digit of x(7)?
4
Let j be -2 + 74/8 + (-2)/8. Let b(k) = 7*k**2 - 2*k + 5. Let v(n) = -15*n**2 + 3*n - 9. Let i(t) = 9*b(t) + 4*v(t). What is the hundreds digit of i(j)?
1
Suppose -5*u + 15662 = w, -17 = 5*u + 8. What is the thousands digit of w?
5
Let u = -746 + 89. Let r = -292 - u. What is the hundreds digit of r?
3
Let r(y) be the first derivative of 13*y**3/3 + 15*y**2 - 281*y - 81. What is the tens digit of r(9)?
4
Let v(a) = -17*a - 157. Let y be v(-10). Suppose y*u - 3443 - 262 = 0. What is the units digit of u?
5
Let t = 6000 - -20374. What is the hundreds digit of t?
3
Let v(k) = 3*k - 21. Let i be v(6). Let g be -7*(i + 2)*(-72)/(-84). What is the hundreds digit of 357/(-9)*(-18)/g?
1
What is the tens digit of 5015/(-2)*684/(-285)?
1
Suppose 13*s = -4*c + 8*s + 49, 0 = 2*c + 4*s - 32. Let h(w) = -w**3 + 16*w**2 - 11*w - 7. What is the tens digit of h(c)?
8
Let a = -12575 + 25067. What is the thousands digit of a?
2
Suppose -j - 29 = -3*o - 3, 3*j + o = -58. Let n = -12 - j. Let h(t) = 2*t**2 - 7*t + 8. What is the tens digit of h(n)?
8
Let c(k) = -1797*k**3 + 6*k**2 + 91*k + 261. What is the tens digit of c(-3)?
6
Suppose -11*u = 3636 - 20675. What is the units digit of u?
9
Suppose -40*f + 44*f + 5*x - 180519 = 0, -90237 = -2*f + 5*x. What is the tens digit of f?
2
Suppose 2*y - 7327 = -3*h - 2*h, -5*y + 5*h = -18230. What is the tens digit of y?
5
Let v(c) = 53*c - 74. Let u be v(-21). Let t = u - -1805. What is the tens digit of t?
1
Let z = 339 + -335. Suppose z*d = -3*w + 1354, 3*w + 54 = -5*d + 1403. What is the hundreds digit of w?
4
What is the thousands digit of -10 + 2580/(-9)*-24?
6
Let v = 132 - 55. Let j = v + -69. Suppose 338 = 2*u + 4*s - 2*s, -j = 4*s. What is the tens digit of u?
7
Suppose 0*z + 3*z - 30 = -2*p, 4*z = -5*p + 33. Let g be 8/z*1*381/2. Suppose 0*y + 3*l + g = y, 2*l + 4 = 0. What is the tens digit of y?
2
Let s(i) = -527*i**3 + 4*i**2 + 7*i - 19. What is the tens digit of s(-3)?
2
Let x(m) = m**3 + 21*m**2 - 18*m + 32. Let j be x(-21). Suppose 11*o = 6*o + j. What is the units digit of o?
2
Let c(b) = 23*b**3 + 8*b**2 - 18*b + 195. What is the units digit of c(7)?
0
Let w(c) = 71*c**2 + 190*c - 565. What is the hundreds digit of w(-20)?
0
What is the tens digit of 3013*(-2)/14*(16 - 23)?
1
Suppose 0*o = -4*o + 40. Suppose 0 = 14*r - o*r - 16. What is the tens digit of (270/r)/((-3)/(-6))?
3
Let u = -3 - -3. Suppose u = 114*q - 122*q + 5104. What is the units digit of q?
8
Suppose 5*g - 67140 = 5*y, -39*g + 42*g - 7*y - 40300 = 0. What is the hundreds digit of g?
4
Suppose 137 = -33*f + 995. Suppose f*k - 2394 = 5*k. What is the hundreds digit of k?
1
What is the tens digit of (-8 - (-16376)/16)*(-64)/(-24)?
0
Suppose 3*p + 4*t - 70 = 0, -4*p + 6*t - 10*t + 92 = 0. Suppose 2*y + 5*z = 249, -y + 5*z + p = -110. What is the units digit of y?
7
Suppose 0 = -21*k - 6*k + 421477 + 96329. What is the tens digit of k?
7
Let f = 1917 - -903. Suppose 14*i + i = f. What is the tens digit of i?
8
Let j = 61565 + -43639. What is the thousands digit of j?
7
Let j(h) = 5*h**2 - 55*h + 79. What is the tens digit of j(49)?
8
Let f(y) = 2*y**3 + y + 80 - 84 - y. Let b be f(2). Let k = b - -67. What is the units digit of k?
9
Suppose 0 = -5*f - l + 5*l + 80, 2*f + l = 45. Let t be ((-7)/((-56)/f))/(2/(-4)). What is the units digit of ((-15)/t)/(2/106)?
9
What is the units digit of (-196389)/(-13) - 14/(-7) - (-6)/39?
9
Suppose 2*m - 29 = 37. Suppose -80*v = -83*v + m. Suppose -9*f + v*f - 258 = 0. What is the hundreds digit of f?
1
Suppose 3*p = 2*p + k + 2, 0 = -2*p - 5*k + 18. Let b be -76*5*(-7)/p. Suppose -b = v - 6*v. What is the hundreds digit of v?
1
What is the tens digit of (20 - (-2065)/59)/((-2)/(-3278))?
4
Let p(j) be the first derivative of j**2 + 48*j + 19. Let u be p(-11). Suppose -22*w = -u*w + 400. What is the units digit of w?
0
Suppose -2700528 - 86216 = -86*c. What is the tens digit of c?
0
Let q(y) = 4382*y**2 + 3*y - 5. What is the ten thousands digit of q(2)?
1
Let h(k) = k**3 + 19*k**2 - 481*k - 11. What is the tens digit of h(18)?
1
Suppose -2*w - 5*j + 17668 + 2715 = 0, -2*w + 3*j + 20407 = 0. What is the thousands digit of w?
0
Let u = 63777 + -12767. What is the ten thousands digit of u?
5
Suppose 10*f - 192 = -42. Let u(z) = -5*z**2 + 5*z**2 + 0*z**2 + 5 - z**2 + 21*z. What is the units digit of u(f)?
5
Let l(b) = -b**3 + 5*b**2 + 14*b + 7. Let h be l(7). Let r(f) = 6*f**2 - 9*f - 3. Let p be r(h). Let v = 351 - p. What is the units digit of v?
3
Let z(y) = 632*y**2 + 8*y + 14. Let v be z(-2). Suppose 0 = -6*o - 510 + v. What is the tens digit of o?
3
What is the thousands digit of (-22 + -21 + 41)*-4191?
8
Let l = 8 + -8. Suppose l = -v + 3*b + 14, v + 4*v + 4*b + 6 = 0. Suppose 132 = 3*a - 5*x, -v*x + 186 = 5*a + x. What is the tens digit of a?
3
Suppose 705589 = 108*i + 213757. What is the units digit of i?
4
Suppose -3*n = 3*u - 6, 8*n + 5*u - 10 = 10*n. Suppose -2*m + r = -1060, 0 = -m - n*m - 3*r + 516. What is the units digit of m?
8
Let w(u) = -7*u**3 - 40*u**2 + 20*u - 33. What is the hundreds digit of w(-12)?
0
Let t(x) = 2*x + 13. Let o be t(-4). Suppose 0 = -10*y + 6*y - 5*i + 1538, o*y + i - 1912 = 0. What is the tens digit of y?
8
Let g = 51 + -45. Let u(t) = 3 + 11*t + 5*t - t**2 + 5*t + g - t**3. What is the units digit of u(-6)?
3
Let r(k) = -999*k - 128. What is the thousands digit of r(-6)?
5
Let j = -2725 - -4318. What is the hundreds digit of j?
5
Let x = -82 - -80. Let s be 3/(((-3)/x)/1). Suppose 2*c - 4*r - 94 = 0, 22 + 72 = s*c + 4*r. What is the units digit of c?
7
Let g = -8465 - -88066. What is the tens digit of g?
0
Let u be 2 - (-5 + 3) - (18 + 3). Let l = 22 + u. Suppose 0 = -l*t + 267 + 158. What is the tens digit of t?
8
Let w(h) = -h**2 + 10*h - 2. Let t be w(10). What is the tens digit of (t/4)/((-23)/32982)?
1
Let g = -28 - -852. Let u = g - 494. What is the tens digit of u?
3
Suppose 4*c - 463 = 641. Suppose -4*o = -5*u + 135 + c, 5*o + 178 = 2*u. What is the tens digit of u?
7
Let s(b) be the second derivative of 15*b**3/2 - 27*b**2/2 - b. What is the tens digit of s(17)?
3
Let l = -147 + 258. Suppose l = 2*b - 887. What is the hundreds digit of b?
4
Suppose 0 = 4*o - 2*o - 3*l - 10, l + 8 = 3*o. Suppose -o*a - y = -8 - 37, -3*a - 3*y + 66 = 0. Suppose 2*p = a - 21. What is the units digit of p?
1
Let q(f) be the first derivative of -8*f - 8 + 5/2*f**2 + 1/3*f**3. What is the tens digit of q(6)?
5
Suppose 5*p = w - 64, -3*w - 7 - 9 = p. Let v = p - -19. Suppose -v*z = 3*z - 90. What is the tens digit of z?
1
Suppose 3*n = -2*n - 5200. Let y be 2*3/2 + n/13. What is the units digit of 12 + -15 - (1 + 0)*y?
4
Let t = 4992 + -1544. Let q = -2134 + t. What is the thousands digit of q?
1
Suppose -5*i + 1812 = i. Suppose -364 - i = -3*k - n, 4*k + 5*n - 877 = 0. Suppose 4*w = k - 7. What is the units digit of w?
4
Suppose t - 195 = -12*t. Suppose -t*q - 40 = -5*q. What is the hundreds digit of 2 + 300 + 0/q?
3
Suppose -b + 41 = 4*o + 27, 49 = -4*b + 5*o. Let y(g) = -31*g + 27. What is the hundreds digit of y(b)?
2
Let w(u) = -3*u**2 + 14*u + 26. Let q be w(6). What is the units digit of ((-30)/(-20))/(2409/1200 - q)?
0
Let g = 61 + -126. Let v = -61 - g. Suppose 5*h - 405 = -5*q, -v*q + h + 289 = -2*h. What is the tens digit of q?
7
Let j(t) = -87*t**3 - 33 - 95*t**3 + 27*t + 18*t**2 + 181*t**3. What is the hundreds digit of j(18)?
4
Let y = 15727 + -5846. What is the units digit of y?
1
Suppose -127385 = 5582*p - 5587*p. What is the tens digit of p?
7
Let q = -172 - -206. Suppose q*u - 4863 = 40595. What is the units digit of u?
7
Let b = -35574 - -58695. What is the hundreds digit of b?
1
Let c be ((-21)/42)/(3/96). Let b = 65 - c. What is the tens digit of b?
8
What is the hundreds digit of 34316/4 - (11 + -16)?
5
Suppose 2*g + 3*r - 38825 = 0, -4*g - 4*r + 45161 + 32479